[INFO] cloning repository https://github.com/YangKeao/auxv-pid
[INFO] running `Command { std: "git" "-c" "credential.helper=" "-c" "credential.helper=/workspace/cargo-home/bin/git-credential-null" "clone" "--bare" "https://github.com/YangKeao/auxv-pid" "/workspace/cache/git-repos/https%3A%2F%2Fgithub.com%2FYangKeao%2Fauxv-pid", kill_on_drop: false }`
[INFO] [stderr] Cloning into bare repository '/workspace/cache/git-repos/https%3A%2F%2Fgithub.com%2FYangKeao%2Fauxv-pid'...
[INFO] running `Command { std: "git" "rev-parse" "HEAD", kill_on_drop: false }`
[INFO] [stdout] 7cde0158e6210eb08325afaef3d0a04a92dda678
[INFO] checking YangKeao/auxv-pid against master#9610dfe5a9a731ced1ea4923ecbd0c57fe367898 for beta-170-4
[INFO] running `Command { std: "git" "clone" "/workspace/cache/git-repos/https%3A%2F%2Fgithub.com%2FYangKeao%2Fauxv-pid" "/workspace/builds/worker-6-tc1/source", kill_on_drop: false }`
[INFO] [stderr] Cloning into '/workspace/builds/worker-6-tc1/source'...
[INFO] [stderr] done.
[INFO] validating manifest of git repo https://github.com/YangKeao/auxv-pid on toolchain 9610dfe5a9a731ced1ea4923ecbd0c57fe367898
[INFO] running `Command { std: CARGO_HOME="/workspace/cargo-home" RUSTUP_HOME="/workspace/rustup-home" "/workspace/cargo-home/bin/cargo" "+9610dfe5a9a731ced1ea4923ecbd0c57fe367898" "metadata" "--manifest-path" "Cargo.toml" "--no-deps", kill_on_drop: false }`
[INFO] started tweaking git repo https://github.com/YangKeao/auxv-pid
[INFO] finished tweaking git repo https://github.com/YangKeao/auxv-pid
[INFO] tweaked toml for git repo https://github.com/YangKeao/auxv-pid written to /workspace/builds/worker-6-tc1/source/Cargo.toml
[INFO] crate git repo https://github.com/YangKeao/auxv-pid already has a lockfile, it will not be regenerated
[INFO] running `Command { std: CARGO_HOME="/workspace/cargo-home" RUSTUP_HOME="/workspace/rustup-home" "/workspace/cargo-home/bin/cargo" "+9610dfe5a9a731ced1ea4923ecbd0c57fe367898" "fetch" "--manifest-path" "Cargo.toml", kill_on_drop: false }`
[INFO] [stderr]  Downloading crates ...
[INFO] [stderr]   Downloaded libc v0.2.19
[INFO] [stderr]   Downloaded gcc v0.3.41
[INFO] running `Command { std: "docker" "create" "-v" "/var/lib/crater-agent-workspace/builds/worker-6-tc1/target:/opt/rustwide/target:rw,Z" "-v" "/var/lib/crater-agent-workspace/builds/worker-6-tc1/source:/opt/rustwide/workdir:ro,Z" "-v" "/var/lib/crater-agent-workspace/cargo-home:/opt/rustwide/cargo-home:ro,Z" "-v" "/var/lib/crater-agent-workspace/rustup-home:/opt/rustwide/rustup-home:ro,Z" "-e" "SOURCE_DIR=/opt/rustwide/workdir" "-e" "CARGO_TARGET_DIR=/opt/rustwide/target" "-e" "CARGO_HOME=/opt/rustwide/cargo-home" "-e" "RUSTUP_HOME=/opt/rustwide/rustup-home" "-w" "/opt/rustwide/workdir" "-m" "1610612736" "--user" "0:0" "--network" "none" "ghcr.io/rust-lang/crates-build-env/linux@sha256:19e73879b68f455e41552ea35293514db52ea292d993f571636dbffedb77a1ee" "/opt/rustwide/cargo-home/bin/cargo" "+9610dfe5a9a731ced1ea4923ecbd0c57fe367898" "metadata" "--no-deps" "--format-version=1", kill_on_drop: false }`
[INFO] [stdout] 65148163e888c6fb6b40a6d29f8a78b45660b0c6619852a8c3558fda1e329a5a
[INFO] running `Command { std: "docker" "start" "-a" "65148163e888c6fb6b40a6d29f8a78b45660b0c6619852a8c3558fda1e329a5a", kill_on_drop: false }`
[INFO] running `Command { std: "docker" "inspect" "65148163e888c6fb6b40a6d29f8a78b45660b0c6619852a8c3558fda1e329a5a", kill_on_drop: false }`
[INFO] running `Command { std: "docker" "rm" "-f" "65148163e888c6fb6b40a6d29f8a78b45660b0c6619852a8c3558fda1e329a5a", kill_on_drop: false }`
[INFO] [stdout] 65148163e888c6fb6b40a6d29f8a78b45660b0c6619852a8c3558fda1e329a5a
[INFO] running `Command { std: "docker" "create" "-v" "/var/lib/crater-agent-workspace/builds/worker-6-tc1/target:/opt/rustwide/target:rw,Z" "-v" "/var/lib/crater-agent-workspace/builds/worker-6-tc1/source:/opt/rustwide/workdir:ro,Z" "-v" "/var/lib/crater-agent-workspace/cargo-home:/opt/rustwide/cargo-home:ro,Z" "-v" "/var/lib/crater-agent-workspace/rustup-home:/opt/rustwide/rustup-home:ro,Z" "-e" "SOURCE_DIR=/opt/rustwide/workdir" "-e" "CARGO_TARGET_DIR=/opt/rustwide/target" "-e" "CARGO_INCREMENTAL=0" "-e" "RUST_BACKTRACE=full" "-e" "RUSTFLAGS=--cap-lints=forbid" "-e" "RUSTDOCFLAGS=--cap-lints=forbid" "-e" "CARGO_HOME=/opt/rustwide/cargo-home" "-e" "RUSTUP_HOME=/opt/rustwide/rustup-home" "-w" "/opt/rustwide/workdir" "-m" "1610612736" "--user" "0:0" "--network" "none" "ghcr.io/rust-lang/crates-build-env/linux@sha256:19e73879b68f455e41552ea35293514db52ea292d993f571636dbffedb77a1ee" "/opt/rustwide/cargo-home/bin/cargo" "+9610dfe5a9a731ced1ea4923ecbd0c57fe367898" "check" "--frozen" "--all" "--all-targets" "--message-format=json", kill_on_drop: false }`
[INFO] [stdout] c0f0ffbe1cb002467c1a5fe1ca4fd38fc9b46938d92d63f1d8424926d9e710b8
[INFO] running `Command { std: "docker" "start" "-a" "c0f0ffbe1cb002467c1a5fe1ca4fd38fc9b46938d92d63f1d8424926d9e710b8", kill_on_drop: false }`
[INFO] [stderr]     Blocking waiting for file lock on package cache
[INFO] [stderr]    Compiling gcc v0.3.41
[INFO] [stderr]     Checking byteorder v1.0.0
[INFO] [stderr]     Checking libc v0.2.19
[INFO] [stderr]    Compiling auxv v0.3.3 (/opt/rustwide/workdir)
[INFO] [stdout] warning: trait objects without an explicit `dyn` are deprecated
[INFO] [stdout]    --> src/procfs.rs:154:42
[INFO] [stdout]     |
[INFO] [stdout] 154 | fn read_long<B: ByteOrder> (reader: &mut Read) -> std::io::Result<AuxvType>{
[INFO] [stdout]     |                                          ^^^^
[INFO] [stdout]     |
[INFO] [stdout]     = warning: this is accepted in the current edition (Rust 2015) but is a hard error in Rust 2021!
[INFO] [stdout]     = note: for more information, see <https://doc.rust-lang.org/nightly/edition-guide/rust-2021/warnings-promoted-to-error.html>
[INFO] [stdout]     = note: `#[warn(bare_trait_objects)]` on by default
[INFO] [stdout] help: use `dyn`
[INFO] [stdout]     |
[INFO] [stdout] 154 | fn read_long<B: ByteOrder> (reader: &mut dyn Read) -> std::io::Result<AuxvType>{
[INFO] [stdout]     |                                          +++
[INFO] [stdout] 
[INFO] [stdout] 
[INFO] [stdout] warning: trait objects without an explicit `dyn` are deprecated
[INFO] [stdout]    --> src/procfs.rs:154:42
[INFO] [stdout]     |
[INFO] [stdout] 154 | fn read_long<B: ByteOrder> (reader: &mut Read) -> std::io::Result<AuxvType>{
[INFO] [stdout]     |                                          ^^^^
[INFO] [stdout]     |
[INFO] [stdout]     = warning: this is accepted in the current edition (Rust 2015) but is a hard error in Rust 2021!
[INFO] [stdout]     = note: for more information, see <https://doc.rust-lang.org/nightly/edition-guide/rust-2021/warnings-promoted-to-error.html>
[INFO] [stdout]     = note: `#[warn(bare_trait_objects)]` on by default
[INFO] [stdout] help: use `dyn`
[INFO] [stdout]     |
[INFO] [stdout] 154 | fn read_long<B: ByteOrder> (reader: &mut dyn Read) -> std::io::Result<AuxvType>{
[INFO] [stdout]     |                                          +++
[INFO] [stdout] 
[INFO] [stdout] 
[INFO] [stdout] warning: 1 warning emitted
[INFO] [stdout] 
[INFO] [stdout] 
[INFO] [stdout] warning: 1 warning emitted
[INFO] [stdout] 
[INFO] [stdout] 
[INFO] [stdout] error[E0061]: this function takes 1 argument but 0 arguments were supplied
[INFO] [stdout]   --> tests/stack_tests.rs:16:33
[INFO] [stdout]    |
[INFO] [stdout] 16 |     let procfs: Vec<AuxvPair> = iterate_procfs_auxv().unwrap()
[INFO] [stdout]    |                                 ^^^^^^^^^^^^^^^^^^^-- an argument of type `u32` is missing
[INFO] [stdout]    |
[INFO] [stdout] note: function defined here
[INFO] [stdout]   --> /opt/rustwide/workdir/src/procfs.rs:59:8
[INFO] [stdout]    |
[INFO] [stdout] 59 | pub fn iterate_procfs_auxv(pid: u32) -> Result<ProcfsAuxvIter<NativeEndian, File>, ProcfsAuxvError> {
[INFO] [stdout]    |        ^^^^^^^^^^^^^^^^^^^
[INFO] [stdout] help: provide the argument
[INFO] [stdout]    |
[INFO] [stdout] 16 |     let procfs: Vec<AuxvPair> = iterate_procfs_auxv(/* u32 */).unwrap()
[INFO] [stdout]    |                                                    ~~~~~~~~~~~
[INFO] [stdout] 
[INFO] [stdout] 
[INFO] [stdout] error[E0061]: this function takes 1 argument but 0 arguments were supplied
[INFO] [stdout]   --> examples/procfs_show_auxv.rs:4:11
[INFO] [stdout]    |
[INFO] [stdout] 4  |     match auxv::procfs::iterate_procfs_auxv() {
[INFO] [stdout]    |           ^^^^^^^^^^^^^^^^^^^^^^^^^^^^^^^^^-- an argument of type `u32` is missing
[INFO] [stdout]    |
[INFO] [stdout] note: function defined here
[INFO] [stdout]   --> /opt/rustwide/workdir/src/procfs.rs:59:8
[INFO] [stdout]    |
[INFO] [stdout] 59 | pub fn iterate_procfs_auxv(pid: u32) -> Result<ProcfsAuxvIter<NativeEndian, File>, ProcfsAuxvError> {
[INFO] [stdout]    |        ^^^^^^^^^^^^^^^^^^^
[INFO] [stdout] help: provide the argument
[INFO] [stdout]    |
[INFO] [stdout] 4  |     match auxv::procfs::iterate_procfs_auxv(/* u32 */) {
[INFO] [stdout]    |                                            ~~~~~~~~~~~
[INFO] [stdout] 
[INFO] [stdout] 
[INFO] [stdout] error: aborting due to previous error
[INFO] [stdout] 
[INFO] [stdout] 
[INFO] [stdout] For more information about this error, try `rustc --explain E0061`.
[INFO] [stdout] 
[INFO] [stderr] error: could not compile `auxv` (test "stack_tests") due to 2 previous errors
[INFO] [stderr] warning: build failed, waiting for other jobs to finish...
[INFO] [stdout] error: aborting due to previous error
[INFO] [stdout] 
[INFO] [stdout] 
[INFO] [stdout] For more information about this error, try `rustc --explain E0061`.
[INFO] [stdout] 
[INFO] [stdout] error[E0061]: this function takes 1 argument but 0 arguments were supplied
[INFO] [stdout]   --> tests/procfs_tests.rs:28:16
[INFO] [stdout]    |
[INFO] [stdout] 28 |     let iter = auxv::procfs::iterate_procfs_auxv().unwrap();
[INFO] [stdout]    |                ^^^^^^^^^^^^^^^^^^^^^^^^^^^^^^^^^-- an argument of type `u32` is missing
[INFO] [stdout]    |
[INFO] [stdout] note: function defined here
[INFO] [stdout]   --> /opt/rustwide/workdir/src/procfs.rs:59:8
[INFO] [stdout]    |
[INFO] [stdout] 59 | pub fn iterate_procfs_auxv(pid: u32) -> Result<ProcfsAuxvIter<NativeEndian, File>, ProcfsAuxvError> {
[INFO] [stdout]    |        ^^^^^^^^^^^^^^^^^^^
[INFO] [stdout] help: provide the argument
[INFO] [stdout]    |
[INFO] [stdout] 28 |     let iter = auxv::procfs::iterate_procfs_auxv(/* u32 */).unwrap();
[INFO] [stdout]    |                                                 ~~~~~~~~~~~
[INFO] [stdout] 
[INFO] [stdout] 
[INFO] [stderr] error: could not compile `auxv` (example "procfs_show_auxv") due to 2 previous errors
[INFO] [stdout] error: aborting due to previous error
[INFO] [stdout] 
[INFO] [stdout] 
[INFO] [stdout] For more information about this error, try `rustc --explain E0061`.
[INFO] [stdout] 
[INFO] [stderr] error: could not compile `auxv` (test "procfs_tests") due to 2 previous errors
[INFO] running `Command { std: "docker" "inspect" "c0f0ffbe1cb002467c1a5fe1ca4fd38fc9b46938d92d63f1d8424926d9e710b8", kill_on_drop: false }`
[INFO] running `Command { std: "docker" "rm" "-f" "c0f0ffbe1cb002467c1a5fe1ca4fd38fc9b46938d92d63f1d8424926d9e710b8", kill_on_drop: false }`
[INFO] [stdout] c0f0ffbe1cb002467c1a5fe1ca4fd38fc9b46938d92d63f1d8424926d9e710b8
